Suppose 73*s + 31404154 - 68702628 = 37127727. Is s a composite number?
False
Let n = 173191 - 52052. Is n a composite number?
False
Let t be 324/((-1)/(-4) + (-11)/12). Let r be (t/36)/((-3)/(-4)). Is (r/12)/(6/(-2564)) composite?
False
Let h(s) = s**3 + 11*s**2 + 19*s + 29. Let y be h(-14). Let q = 2148 - y. Suppose 3*c + 5*m - q = m, -2*m = -c + 991. Is c composite?
False
Suppose 0 = -3*g + 4*t - 528, 178 = -4*g + 3*g + 2*t. Let q = 2409 + g. Is q composite?
False
Let d = -38903 - -55144. Is d a composite number?
True
Suppose -4*q - 1685*a = -1682*a - 546385, 5 = -5*a. Is q composite?
True
Suppose 0 = 4*a + 2*d - 193048, 18*a = 23*a - 3*d - 241299. Is a a prime number?
False
Suppose 0 = b - 1, z = 5*z - b - 67247. Let g = -7655 + z. Is g composite?
False
Suppose 2*i - 1527 = -m, 7595 = -153*m + 158*m + 2*i. Is m a prime number?
False
Let w(y) = -384*y + 17. Suppose -3*j - t - 15 = -3*t, 37 = -4*j - 3*t. Is w(j) composite?
True
Let k(t) = 1557*t**3 - 1. Let u be k(1). Suppose 5*r - 23404 + 3634 = 0. Suppose r = 10*c - u. Is c a composite number?
True
Let i(a) = 18153*a + 7889. Is i(4) prime?
False
Let t(w) = w**2 + 2*w - 25. Let b be t(6). Suppose 2*n + b - 177 = 0. Is n composite?
True
Let j(v) = 3*v + 97. Let n be j(-14). Is (n - (1 - -8))/(2/19) a composite number?
True
Let g(v) = -60*v**2 + 54*v + 44*v**2 + 17*v**2 - 26. Is g(25) composite?
False
Let m(j) = j**3 + 10*j**2 + 23*j - 23. Let u be m(-11). Let h = 2070 + u. Is h a prime number?
False
Let h be 4 - (-5)/((-20)/(-3928)). Let r = h + 3755. Is r a prime number?
False
Let d(q) = -14*q**3 - 10*q**2 + 4*q + 3. Suppose -4*h = -0*u + 4*u + 40, -h = -4*u - 30. Is d(u) composite?
True
Let f be 19/(-57)*(-54)/2. Suppose 12*p - f*p - 12 = 0. Suppose -v + 2624 = p*k - 2*v, 4*k - 2600 = -5*v. Is k composite?
True
Suppose 151*f + 59586 = 154*f. Suppose -w = w + 5*y - 9936, -4*w + f = 5*y. Is w a composite number?
True
Suppose -2*p - 46243 = -b, -3*b + 7*b = 2*p + 184960. Is b composite?
True
Suppose 18*v - 1431019 - 96407 = 0. Is v a composite number?
False
Suppose 0 = -159*x + 185*x - 1752478. Is x a composite number?
True
Is ((-49390)/(-20))/((-8)/(-16)) prime?
False
Let i = -19521 + 57188. Suppose 0 = -7*s - 0*s + i. Is s prime?
True
Suppose -57*j + 85*j - 168 = 0. Is (j/3 + -3)*(-186 - -29) a prime number?
True
Let b(o) = o**2 - 28*o + 49. Let h be b(21). Let p = h + 92. Is (p - -808) + 1 + -6 prime?
True
Let d = -62 + 77. Suppose -21*o + 12 = -d*o. Suppose -o*w + 2238 = 4*w. Is w prime?
True
Is 16 + (-36)/12 - -239004 a prime number?
True
Let j(u) = 26*u + 91. Let w be j(-25). Let l = w + 1050. Is l prime?
True
Let g be (8 - 5)/(3 - 2). Suppose 3*l = -2*m - 36, m - g*l + 0 + 9 = 0. Is (-37)/(-5)*(20 + m) composite?
False
Suppose 22*h - 3588 = 26*h. Is (-38)/(h/(-1545) - 6/10) composite?
True
Suppose 50*w - 136 = 46*w. Suppose -q - q + w = -4*k, -24 = 4*k - 4*q. Let c(o) = 20*o**2 + 4*o + 19. Is c(k) prime?
False
Let s be 30/50*(0 - -10). Let g(d) = 7*d**2 - 8*d - 10. Let m(k) = 8*k**2 - 7*k - 9. Let h(y) = s*m(y) - 5*g(y). Is h(-5) a composite number?
False
Let r(a) = a - 1. Let h(y) = 51*y - 3. Let w(q) = 5*h(q) - 30*r(q). Let l be w(-4). Let s = l - -1292. Is s composite?
True
Let y be -1 - (0 - 2 - 76). Suppose g - 4*m = -13, -m = g - 12 + 5. Suppose -5*a - g*i + 194 = 0, -y = -a - a - i. Is a prime?
True
Let v(r) = -18196*r + 227. Is v(-17) composite?
False
Is (-576174)/(-9) + (-5)/15 a composite number?
False
Suppose -5*v = -19 - 11. Suppose -x = v*x - 9905. Is x a composite number?
True
Let l be -4*(327/(-9) - 6/9). Is (0 - 4) + (l - -17) composite?
True
Let p(c) = 3*c - 16. Let l be p(6). Suppose 3*o = -3*u + 10737, l*o + 3052 - 10210 = 3*u. Let d = o - 2366. Is d a composite number?
False
Suppose -4*p = -132 - 28. Is 7/(35/(-3)) - (-793424)/p prime?
False
Let z = 105 - 150. Let i = z + 35. Is 112 + (-5)/(i/(-6)) a prime number?
True
Let c = 184374 - 38213. Is c a composite number?
False
Let s be 1 + 25/(-15) - 135872/(-12). Suppose 0 = 3*q - s - 3945. Is q a composite number?
True
Let q = 325 + 903. Let v = q - 107. Is v prime?
False
Let q(o) = 2247*o**2 - 6*o + 8. Let m be q(-4). Suppose m - 89247 = -7*x. Is x composite?
True
Let y = 117305 - 67188. Is y composite?
True
Suppose v - 3*b - 59792 = 0, -4*v = 198*b - 199*b - 239157. Is v a composite number?
True
Suppose -452*g + 449*g + 5*z = -94656, 2*g + 3*z = 63085. Is g prime?
True
Suppose 0 = 5*f + 110 - 30. Let z = -62810 + 121186. Is 2/4 + (-8 - z/f) prime?
False
Is (0 - -24611)/(40 - (-7363)/(-185)) a prime number?
False
Suppose 0*t + 10 = -5*t, 4663 = 5*u - 4*t. Suppose -3*w = 5*g - 4225, -3*g = -w - 7*g + 1406. Let z = w - u. Is z composite?
False
Let v(r) = 21528*r + 353. Is v(9) composite?
True
Let h(g) = 3*g**2 - 21*g + 46. Let x(b) = 2*b**2 - 10*b + 23. Let z(c) = -3*h(c) + 5*x(c). Let i be z(2). Suppose -u - 6162 = -i*u. Is u prime?
False
Let w be (12 - -1) + -4 + 3. Let t(u) = 41*u**2 + 14*u + 43. Is t(w) a prime number?
False
Suppose 208*d = 133*d + 3185025. Is d prime?
True
Suppose -1646 + 15616 = 5*z. Let m = z + 2163. Is m a prime number?
True
Let k = -8 - -24. Let y be ((-4)/(-5))/(k/(-280)). Is 8/y - 5095/(-35) prime?
False
Is 481516/(56/4) - -5 a composite number?
True
Let v = 356101 - -54616. Is v composite?
False
Let m be (-1)/(((-5)/4)/5). Suppose -2*w + 4*d = -m, 4 = -2*w + 4*w - 3*d. Suppose 127 = 2*y - 2*z - 127, 0 = -w*z - 8. Is y prime?
False
Let b = -11 + 14. Suppose 16902 = b*c - 3*a, 4*c + c - 3*a - 28176 = 0. Is (-1 + 0)/(c/(-2817) - -2) prime?
False
Suppose 27*a + 963779 + 325268 = 6075688. Is a composite?
False
Let b be (-4)/(-3)*(-5 - (4 - 2046)). Suppose -s + 3776 = p - b, -5*s + 4*p + 32451 = 0. Is s composite?
False
Let w(a) be the first derivative of 20*a**3/3 + 8*a**2 + 35*a - 115. Is w(-11) prime?
False
Suppose -11*w + 1641654 = -5134643. Is w a prime number?
True
Suppose 2*c = -3*z + 832186, -129*z + 134*z = 4*c - 1664328. Is c a composite number?
True
Suppose 0 = 3*g + 2*x - 1716675, 111*g = 108*g - x + 1716669. Is g composite?
True
Suppose 0 = 7*r - 11*r + 12. Suppose -4*p = r*m - 1254, m - 4*p - 328 - 106 = 0. Suppose 9*b - 11*b + m = 0. Is b prime?
True
Let c(t) = -13968*t - 7537. Is c(-35) a prime number?
True
Let u be (-15112)/10 - (-22)/110. Is u/(-7)*(-56)/(-48)*6 a prime number?
True
Suppose 17*t + 41306 = 19*t + 3*r, -2*r = 4*t - 82644. Is t composite?
True
Suppose 11*p - 7193 - 6304 = 0. Suppose -13 = -3*o + 5. Suppose 9*q - o*q = p. Is q prime?
True
Suppose 0 = -15*g + 8*g + 671293. Let v = 144114 - g. Is v composite?
True
Let b(w) = -w**3 - w**2 - 112*w - 293. Is b(-50) composite?
False
Let w be (4/(-8) + 1)/(2/80). Is ((90/w)/3)/(3/1174) prime?
True
Let v be (-17)/(-68) + 2 + 3158/8. Let z(m) = -36*m - 2. Let d be z(5). Let a = d + v. Is a a prime number?
False
Suppose -191*k + 2817561 = -68*k. Is k a composite number?
False
Suppose 5*h + 60 = -5*b, -b + 11 = -4*h - 2. Let x(f) = -2*f**3 - 10*f**2 - 7*f + 6. Is x(b) composite?
False
Let l(j) = 112*j**3 - 4*j + 3. Suppose 0*u + 64 = -4*u. Let x = -15 - u. Is l(x) composite?
True
Let n = 1127059 + -787118. Is n a prime number?
False
Let x(j) = 132*j**3 + 12*j**2 - 16*j + 209. Is x(10) prime?
False
Let x = 318 - 183. Suppose 143*d - x*d = 87368. Is d a prime number?
False
Suppose 8*n + 6 = 3*n - 3*z, 5*z = -n - 10. Suppose -17*m + 10*m + 38479 = n. Is m prime?
False
Let f = 5 - 5. Let p be -4 + (f - (377 - 1)). Let b = p + 1125. Is b composite?
True
Let i = 804614 - -12507. Is i a composite number?
True
Let k = 9 - 4. Suppose -2*q = -k*h - 12078, -24184 = -4*q - 2*h + 5*h. Suppose 0 = 4*v - q - 4327. Is v a composite number?
True
Suppose 2*b - 48 = -4*b. Let i = -4 + b. Suppose i + 238 = 2*f. Is f composite?
True
Suppose -2*l = -l + 3*h - 15, -4*h = -20. Suppose 136 - 1148 = -4*y. Suppose 3*s + 4*z - y = -z, l = 4*z + 16. Is s a composite number?
True
Let k(d) = -38*d**3 + 2*d**2 + 3*d + 1. Let q be k(-1). Suppose q*c + 122969 = 45*c. Is c composite?
True
Let n = 139 + -109. Suppose n*f - 17*f - 53989 = 0. Is f a prime number?
True
Is 12/(-144) + 17907508/48 a prime number?
True
Let r(j) be the third derivative of -7*j**6/40 + j**5/60 + j**4/12 + 9*j**3/2 - 3*j**2 + 20. Is r(-7) a composite number?
True
Let q(v) = -v**2 - 